[INFO] cloning repository https://github.com/rustache/rustache-cli
[INFO] running `Command { std: "git" "-c" "credential.helper=" "-c" "credential.helper=/workspace/cargo-home/bin/git-credential-null" "clone" "--bare" "https://github.com/rustache/rustache-cli" "/workspace/cache/git-repos/https%3A%2F%2Fgithub.com%2Frustache%2Frustache-cli", kill_on_drop: false }`
[INFO] [stderr] Cloning into bare repository '/workspace/cache/git-repos/https%3A%2F%2Fgithub.com%2Frustache%2Frustache-cli'...
[INFO] running `Command { std: "git" "rev-parse" "HEAD", kill_on_drop: false }`
[INFO] [stdout] 09149325cc8f96aae045d503b1f5681a63bf4fb7
[INFO] checking rustache/rustache-cli against try#72f88fc4e9458f89516a0b8b0868f3718aec5b47 for pr-74989
[INFO] running `Command { std: "git" "clone" "/workspace/cache/git-repos/https%3A%2F%2Fgithub.com%2Frustache%2Frustache-cli" "/workspace/builds/worker-8/source", kill_on_drop: false }`
[INFO] [stderr] Cloning into '/workspace/builds/worker-8/source'...
[INFO] [stderr] done.
[INFO] validating manifest of git repo https://github.com/rustache/rustache-cli on toolchain 72f88fc4e9458f89516a0b8b0868f3718aec5b47
[INFO] running `Command { std: "/workspace/cargo-home/bin/cargo" "+72f88fc4e9458f89516a0b8b0868f3718aec5b47" "read-manifest" "--manifest-path" "Cargo.toml", kill_on_drop: false }`
[INFO] started tweaking git repo https://github.com/rustache/rustache-cli
[INFO] finished tweaking git repo https://github.com/rustache/rustache-cli
[INFO] tweaked toml for git repo https://github.com/rustache/rustache-cli written to /workspace/builds/worker-8/source/Cargo.toml
[INFO] crate git repo https://github.com/rustache/rustache-cli already has a lockfile, it will not be regenerated
[INFO] running `Command { std: "/workspace/cargo-home/bin/cargo" "+72f88fc4e9458f89516a0b8b0868f3718aec5b47" "fetch" "--locked" "--manifest-path" "Cargo.toml", kill_on_drop: false }`
[INFO] [stderr]     Updating git repository `https://github.com/seanchen1991/rust-memstream.git`
[INFO] [stderr]     Updating git repository `https://github.com/rustache/rustache.git`
[INFO] [stderr] error: the lock file /workspace/builds/worker-8/source/Cargo.lock needs to be updated but --locked was passed to prevent this
[INFO] [stderr] If you want to try to generate the lock file without accessing the network, use the --offline flag.
[INFO] the lockfile is outdated, regenerating it
[INFO] running `Command { std: "/workspace/cargo-home/bin/cargo" "+72f88fc4e9458f89516a0b8b0868f3718aec5b47" "generate-lockfile" "--manifest-path" "Cargo.toml" "-Zno-index-update", kill_on_drop: false }`
[INFO] [stderr]     Updating git repository `https://github.com/seanchen1991/rust-memstream.git`
[INFO] [stderr]     Updating git repository `https://github.com/rustache/rustache.git`
[INFO] running `Command { std: "/workspace/cargo-home/bin/cargo" "+72f88fc4e9458f89516a0b8b0868f3718aec5b47" "fetch" "--locked" "--manifest-path" "Cargo.toml", kill_on_drop: false }`
[INFO] [stderr]     Blocking waiting for file lock on package cache
[INFO] running `Command { std: "docker" "create" "-v" "/var/lib/crater-agent-workspace/builds/worker-8/target:/opt/rustwide/target:rw,Z" "-v" "/var/lib/crater-agent-workspace/builds/worker-8/source:/opt/rustwide/workdir:ro,Z" "-v" "/var/lib/crater-agent-workspace/cargo-home:/opt/rustwide/cargo-home:ro,Z" "-v" "/var/lib/crater-agent-workspace/rustup-home:/opt/rustwide/rustup-home:ro,Z" "-e" "SOURCE_DIR=/opt/rustwide/workdir" "-e" "CARGO_TARGET_DIR=/opt/rustwide/target" "-e" "CARGO_HOME=/opt/rustwide/cargo-home" "-e" "RUSTUP_HOME=/opt/rustwide/rustup-home" "-w" "/opt/rustwide/workdir" "-m" "1610612736" "--user" "0:0" "--network" "none" "rustops/crates-build-env@sha256:d92eaeed33fa75130ca1ee6c8a01d1ffb62bac859dfdfb3450e3e5d1c0146529" "/opt/rustwide/cargo-home/bin/cargo" "+72f88fc4e9458f89516a0b8b0868f3718aec5b47" "metadata" "--no-deps" "--format-version=1", kill_on_drop: false }`
[INFO] [stdout] 31e09063ee0a7e5c409d9b6493f17b37a20b597332cd9908d3d60033d5bebd4f
[INFO] [stderr] WARNING: Your kernel does not support swap limit capabilities or the cgroup is not mounted. Memory limited without swap.
[INFO] running `Command { std: "docker" "start" "-a" "31e09063ee0a7e5c409d9b6493f17b37a20b597332cd9908d3d60033d5bebd4f", kill_on_drop: false }`
[INFO] running `Command { std: "docker" "inspect" "31e09063ee0a7e5c409d9b6493f17b37a20b597332cd9908d3d60033d5bebd4f", kill_on_drop: false }`
[INFO] running `Command { std: "docker" "rm" "-f" "31e09063ee0a7e5c409d9b6493f17b37a20b597332cd9908d3d60033d5bebd4f", kill_on_drop: false }`
[INFO] [stdout] 31e09063ee0a7e5c409d9b6493f17b37a20b597332cd9908d3d60033d5bebd4f
[INFO] running `Command { std: "docker" "create" "-v" "/var/lib/crater-agent-workspace/builds/worker-8/target:/opt/rustwide/target:rw,Z" "-v" "/var/lib/crater-agent-workspace/builds/worker-8/source:/opt/rustwide/workdir:ro,Z" "-v" "/var/lib/crater-agent-workspace/cargo-home:/opt/rustwide/cargo-home:ro,Z" "-v" "/var/lib/crater-agent-workspace/rustup-home:/opt/rustwide/rustup-home:ro,Z" "-e" "SOURCE_DIR=/opt/rustwide/workdir" "-e" "CARGO_TARGET_DIR=/opt/rustwide/target" "-e" "CARGO_INCREMENTAL=0" "-e" "RUST_BACKTRACE=full" "-e" "RUSTFLAGS=--cap-lints=forbid" "-e" "CARGO_HOME=/opt/rustwide/cargo-home" "-e" "RUSTUP_HOME=/opt/rustwide/rustup-home" "-w" "/opt/rustwide/workdir" "-m" "1610612736" "--user" "0:0" "--network" "none" "rustops/crates-build-env@sha256:d92eaeed33fa75130ca1ee6c8a01d1ffb62bac859dfdfb3450e3e5d1c0146529" "/opt/rustwide/cargo-home/bin/cargo" "+72f88fc4e9458f89516a0b8b0868f3718aec5b47" "check" "--frozen" "--all" "--all-targets" "--message-format=json", kill_on_drop: false }`
[INFO] [stdout] 1caa9c2c523fa72643ea58bcde9f2f09b05cd5c243ebac7f49a32a5a97131165
[INFO] [stderr] WARNING: Your kernel does not support swap limit capabilities or the cgroup is not mounted. Memory limited without swap.
[INFO] running `Command { std: "docker" "start" "-a" "1caa9c2c523fa72643ea58bcde9f2f09b05cd5c243ebac7f49a32a5a97131165", kill_on_drop: false }`
[INFO] [stderr]    Compiling cc v1.0.59
[INFO] [stderr]    Compiling backtrace v0.2.3
[INFO] [stderr]     Checking cfg-if v0.1.10
[INFO] [stderr]     Checking memstream v0.1.0 (https://github.com/seanchen1991/rust-memstream.git#6945cb0b)
[INFO] [stderr]    Compiling dbghelp-sys v0.2.0
[INFO] [stderr]     Checking memchr v0.1.11
[INFO] [stderr]     Checking thread-id v2.0.0
[INFO] [stderr]     Checking aho-corasick v0.5.3
[INFO] [stderr]     Checking thread_local v0.2.7
[INFO] [stderr]     Checking regex v0.1.80
[INFO] [stderr]    Compiling backtrace-sys v0.1.37
[INFO] [stderr]     Checking error-chain v0.5.0
[INFO] [stderr]     Checking rustache v0.1.0 (https://github.com/rustache/rustache.git#0ba62ca9)
[INFO] [stderr]     Checking rustache-cli v0.0.1 (/opt/rustwide/workdir)
[INFO] [stdout] error[E0425]: cannot find function `args` in module `os`
[INFO] [stdout]  --> src/main.rs:8:18
[INFO] [stdout]   |
[INFO] [stdout] 8 |   let args = os::args();
[INFO] [stdout]   |                  ^^^^ not found in `os`
[INFO] [stdout]   |
[INFO] [stdout] help: consider importing this function
[INFO] [stdout]   |
[INFO] [stdout] 3 | use std::env::args;
[INFO] [stdout]   |
[INFO] [stdout] 
[INFO] [stdout] 
[INFO] [stdout] error[E0433]: failed to resolve: use of undeclared type or module `Path`
[INFO] [stdout]   --> src/main.rs:14:14
[INFO] [stdout]    |
[INFO] [stdout] 14 |   let path = Path::new(args[2].clone());
[INFO] [stdout]    |              ^^^^ not found in this scope
[INFO] [stdout]    |
[INFO] [stdout] help: consider importing this struct
[INFO] [stdout]    |
[INFO] [stdout] 3  | use std::path::Path;
[INFO] [stdout]    |
[INFO] [stdout] 
[INFO] [stdout] 
[INFO] [stdout] error[E0425]: cannot find function `render_file` in crate `rustache`
[INFO] [stdout]   --> src/main.rs:15:22
[INFO] [stdout]    |
[INFO] [stdout] 15 |   let rv = rustache::render_file(args[1].as_slice(), path);
[INFO] [stdout]    |                      ^^^^^^^^^^^ not found in `rustache`
[INFO] [stdout] 
[INFO] [stdout] 
[INFO] [stdout] error[E0603]: module `stdio` is private
[INFO] [stdout]    --> src/main.rs:4:14
[INFO] [stdout]     |
[INFO] [stdout] 4   | use std::io::stdio::stdout;
[INFO] [stdout]     |              ^^^^^ private module
[INFO] [stdout]     |
[INFO] [stdout] note: the module `stdio` is defined here
[INFO] [stdout] 
[INFO] [stdout] 
[INFO] [stdout] error: aborting due to 4 previous errors
[INFO] [stdout] 
[INFO] [stdout] 
[INFO] [stdout] Some errors have detailed explanations: E0425, E0433, E0603.
[INFO] [stdout] 
[INFO] [stdout] For more information about an error, try `rustc --explain E0425`.
[INFO] [stdout] 
[INFO] [stderr] error: could not compile `rustache-cli`.
[INFO] [stderr] 
[INFO] [stderr] To learn more, run the command again with --verbose.
[INFO] [stderr] warning: build failed, waiting for other jobs to finish...
[INFO] [stdout] error[E0425]: cannot find function `args` in module `os`
[INFO] [stdout]  --> src/main.rs:8:18
[INFO] [stdout]   |
[INFO] [stdout] 8 |   let args = os::args();
[INFO] [stdout]   |                  ^^^^ not found in `os`
[INFO] [stdout]   |
[INFO] [stdout] help: consider importing this function
[INFO] [stdout]   |
[INFO] [stdout] 3 | use std::env::args;
[INFO] [stdout]   |
[INFO] [stdout] 
[INFO] [stdout] 
[INFO] [stdout] error[E0433]: failed to resolve: use of undeclared type or module `Path`
[INFO] [stdout]   --> src/main.rs:14:14
[INFO] [stdout]    |
[INFO] [stdout] 14 |   let path = Path::new(args[2].clone());
[INFO] [stdout]    |              ^^^^ not found in this scope
[INFO] [stdout]    |
[INFO] [stdout] help: consider importing this struct
[INFO] [stdout]    |
[INFO] [stdout] 3  | use std::path::Path;
[INFO] [stdout]    |
[INFO] [stdout] 
[INFO] [stdout] 
[INFO] [stdout] error[E0425]: cannot find function `render_file` in crate `rustache`
[INFO] [stdout]   --> src/main.rs:15:22
[INFO] [stdout]    |
[INFO] [stdout] 15 |   let rv = rustache::render_file(args[1].as_slice(), path);
[INFO] [stdout]    |                      ^^^^^^^^^^^ not found in `rustache`
[INFO] [stdout] 
[INFO] [stdout] 
[INFO] [stdout] error[E0603]: module `stdio` is private
[INFO] [stdout]    --> src/main.rs:4:14
[INFO] [stdout]     |
[INFO] [stdout] 4   | use std::io::stdio::stdout;
[INFO] [stdout]     |              ^^^^^ private module
[INFO] [stdout]     |
[INFO] [stdout] note: the module `stdio` is defined here
[INFO] [stdout] 
[INFO] [stdout] 
[INFO] [stdout] error: aborting due to 4 previous errors
[INFO] [stdout] 
[INFO] [stdout] 
[INFO] [stdout] Some errors have detailed explanations: E0425, E0433, E0603.
[INFO] [stdout] 
[INFO] [stdout] For more information about an error, try `rustc --explain E0425`.
[INFO] [stdout] 
[INFO] [stderr] error: build failed
[INFO] running `Command { std: "docker" "inspect" "1caa9c2c523fa72643ea58bcde9f2f09b05cd5c243ebac7f49a32a5a97131165", kill_on_drop: false }`
[INFO] running `Command { std: "docker" "rm" "-f" "1caa9c2c523fa72643ea58bcde9f2f09b05cd5c243ebac7f49a32a5a97131165", kill_on_drop: false }`
[INFO] [stdout] 1caa9c2c523fa72643ea58bcde9f2f09b05cd5c243ebac7f49a32a5a97131165
